{"id":3114,"date":"2019-03-26T15:58:29","date_gmt":"2019-03-26T14:58:29","guid":{"rendered":"https:\/\/mo-di-tec.33degres.fr\/politique-de-confidentialite\/"},"modified":"2024-01-23T16:42:49","modified_gmt":"2024-01-23T15:42:49","slug":"datenschutzerklaerung","status":"publish","type":"page","link":"https:\/\/mo-di-tec.fr\/de\/datenschutzerklaerung\/","title":{"rendered":"Datenschutzerkl\u00e4rung"},"content":{"rendered":"\n<h2 class=\"wp-block-heading\">Wer sind wir?\n        <\/h2>\n\n<p>Die Adresse unserer Website lautet: <a href=\"https:\/\/mo-di-tec.fr\/\">https:\/\/mo-di-tec.fr\/<\/a><\/p>\n\n<h2 class=\"wp-block-heading\">Nutzung der erhobenen personenbezogenen Daten\n        <\/h2>\n\n<h3 class=\"wp-block-heading\">Kommentare\n        <\/h3>\n\n<p>Wenn Sie einen Kommentar auf unserer Website hinterlassen, werden die im Kommentarformular gemachten Angaben, Ihre IP-Adresse und der Benutzeragent Ihres Browsers erhoben, um uns die Feststellung unerw\u00fcnschter Kommentare zu erm\u00f6glichen.\n        <\/p>\n\n<p>Eine ausgehend von Ihrer E-Mail-Adresse erstellte anonymisierte Kette (auch Hash genannt) kann an den Gravatar-Dienst gesendet werden, um zu \u00fcberpr\u00fcfen, ob Sie diesen benutzen.\n         Die Datenschutzpolitik des Gravatar-Dienstes kann unter https:\/\/automattic.com\/privacy\/ eingesehen werden. Nach \u00dcberpr\u00fcfung Ihres Kommentars ist Ihr Profilbild neben Ihrem Kommentar \u00f6ffentlich zu sehen.\n        <\/p>\n\n<h3 class=\"wp-block-heading\">Medien\n        <\/h3>\n\n<p>Wenn Sie ein(e) angemeldete(r) Nutzer(in) sind und Bilder auf die Website hochladen, raten wir Ihnen, keine Bilder mit EXIF-Daten und GPS-Koordinaten hochzuladen.\n         Besucher der Website k\u00f6nnen die Standortdaten ausgehend von diesen Bildern herunterladen und extrahieren.\n        <\/p>\n\n<h3 class=\"wp-block-heading\">Kontaktformular\n        <\/h3>\n\n<p>Wir wahren eingehende Kontaktformulare mit Fragen im Rahmen des Kundendienstes f\u00fcr eine variable Dauer auf, nutzen diese jedoch nicht f\u00fcr kommerzielle Zwecke.\n         <\/p>\n\n<h3 class=\"wp-block-heading\">Cookies\n        <\/h3>\n\n<p>Wenn Sie einen Kommentar auf unserer Website hinterlassen, wird Ihnen vorgeschlagen, Ihren Namen, Ihre E-Mail-Adresse und Ihre Website in Form von Cookies zu speichern.\n         Dies dient ausschlie\u00dflich Ihrem Komfort, damit Sie diese Informationen nicht erneut eingeben m\u00fcssen, wenn Sie sp\u00e4ter einen weiteren Kommentar hinterlassen.\n         Diese Cookies laufen nach einem Jahr aus.\n        <\/p>\n\n<p>Wenn Sie \u00fcber ein Benutzerkonto verf\u00fcgen und sich auf dieser Website anmelden, wird ein tempor\u00e4rer Cookie angelegt, um zu \u00fcberpr\u00fcfen, ob Ihr Browser Cookies akzeptiert.\n         Er enth\u00e4lt keine personenbezogenen Daten und wird automatisch beim Schlie\u00dfen Ihres Browsers gel\u00f6scht.\n        <\/p>\n\n<p>Wenn Sie sich anmelden, platzieren wir eine gewisse Anzahl an Cookies, um Ihre Anmeldedaten und Anzeigepr\u00e4ferenzen zu speichern.\n         Die Lebensdauer eines Sitzungs-Cookies liegt bei zwei Tagen, die eines Anzeige-Cookies bei einem Jahr.\n         Wenn Sie die \u201eRemember me\u201c-Option anw\u00e4hlen, wird Ihr Sitzungs-Cookie zwei Wochen lang gespeichert.\n         Wenn Sie sich von Ihrem Benutzerkonto abmelden, wird der Sitzungs-Cookie gel\u00f6scht.\n        <\/p>\n\n<p>Im Falle einer Ver\u00f6ffentlichung oder \u00c4nderung wird ein zus\u00e4tzlicher Cookie in Ihrem Browser gespeichert.\n         Dieser Cookie enth\u00e4lt keine personenbezogenen Daten.\n         Er verweist lediglich auf die ID der Ver\u00f6ffentlichung, die Sie ge\u00e4ndert haben.\n         Er l\u00e4uft nach einem Tag aus.\n        <\/p>\n\n<h3 class=\"wp-block-heading\">Integrierter Inhalt anderer Websites\n        <\/h3>\n\n<p>Die Artikel dieser Website k\u00f6nnen integrierte Inhalte enthalten (z.B. Videos, Bilder, Artikel usw.).\n         Der integrierte Inhalt anderer Websites verh\u00e4lt sich so, als ob der Besucher die andere Website konsultieren w\u00fcrde.\n        <\/p>\n\n<p>Diese Websites k\u00f6nnen Daten \u00fcber Sie erheben, Cookies benutzen, Monitoringtools Dritter enthalten und Ihre Interaktion mit integrierten Inhalten verfolgen, wenn Sie ein Benutzerkonto besitzen, das mit der jeweiligen Website verbunden ist.\n        <\/p>\n\n<h3 class=\"wp-block-heading\">Statistiken und Reichweitenmessungen\n        <\/h3>\n\n<p>Auf dieser Website ist Google Analytics installiert.\n         Es speichert automatisch Informationen \u00fcber Ihren Computer und Ihren Browser, darunter Ihre IP-Adresse, Ihre Software und Hardware sowie die aufgerufene Seite, um Ihre Erfahrung auf der Website zu verbessern.\n         <\/p>\n\n<h2 class=\"wp-block-heading\">Nutzung und Weitergabe Ihrer personenbezogenen Daten\n        <\/h2>\n\n<h3 class=\"wp-block-heading\">Dauer der Speicherung Ihrer Daten\n        <\/h3>\n\n<p>Wenn Sie einen Kommentar hinterlassen, werden der Kommentar und die Metadaten auf unbegrenzte Dauer gespeichert.\n         Dies erm\u00f6glicht die Erkennung und automatische Freigabe der folgenden Kommentare ohne Durchlaufen des Moderationsverfahrens.\n        <\/p>\n\n<p>F\u00fcr Nutzer und Nutzerinnen, die sich auf unserer Website anmelden (falls m\u00f6glich), speichern wir ebenfalls die in ihrem Profil angegebenen personenbezogenen Daten.\n         Alle Nutzer und Nutzerinnen k\u00f6nnen jederzeit ihre personenbezogenen Daten sehen, \u00e4ndern oder l\u00f6schen (mit Ausnahme des Benutzernamens).\n         Die Website-Administratoren k\u00f6nnen diese Informationen ebenfalls einsehen und \u00e4ndern.\n        <\/p>\n\n<h3 class=\"wp-block-heading\">Ihre Rechte an Ihren Daten\n        <\/h3>\n\n<p>Wenn Sie ein Benutzerkonto besitzen oder Kommentare auf der Website hinterlassen haben, k\u00f6nnen Sie eine Datei verlangen, die alle personenbezogenen Daten enth\u00e4lt, die wir Sie betreffend besitzen, einschlie\u00dflich der von Ihnen uns bereitgestellten.\n         Sie k\u00f6nnen ebenfalls die L\u00f6schung der Sie betreffenden personenbezogenen Daten verlangen.\n         Dies gilt nicht f\u00fcr Daten, die wir aus verwaltungstechnischen, rechtlichen oder Gr\u00fcnden der Sicherheit speichern.\n        <\/p>\n\n<h3 class=\"wp-block-heading\">Weitergabe Ihrer personenbezogenen Daten\n        <\/h3>\n\n<p>Die Kommentare von Besuchern k\u00f6nnen mithilfe eines automatisierten Dienstes zur Feststellung unerw\u00fcnschter Kommentare \u00fcberpr\u00fcft werden.\n        <\/p>\n\n<h3 class=\"wp-block-heading\">Kontaktdaten\n        <\/h3>\n\n<p><strong>MO-DI-TEC\n        <\/strong><br\/> Z.I. du Leveau 38200 Vienne &#8211; Frankreich\n        <br\/>Tel.:\n         <a href=\"tel:0474159999\">(+33) 4 74 15 99<\/a><br\/>Mail: <a href=\"mailto:info@mo-di-tec.33degres.fr\">Senden Sie uns eine Mail<\/a><\/p>\n","protected":false},"excerpt":{"rendered":"<p>Wer sind wir? Die Adresse unserer Website lautet: https:\/\/mo-di-tec.fr\/ Nutzung der erhobenen personenbezogenen Daten Kommentare [&hellip;]<\/p>\n","protected":false},"author":2,"featured_media":0,"parent":0,"menu_order":0,"comment_status":"closed","ping_status":"closed","template":"","meta":{"footnotes":""},"class_list":["post-3114","page","type-page","status-publish","hentry"],"yoast_head":"<!-- This site is optimized with the Yoast SEO plugin v27.5 - https:\/\/yoast.com\/product\/yoast-seo-wordpress\/ -->\n<title>Datenschutzerkl\u00e4rung - Moditec<\/title>\n<meta name=\"robots\" content=\"index, follow, max-snippet:-1, max-image-preview:large, max-video-preview:-1\" \/>\n<link rel=\"canonical\" href=\"https:\/\/mo-di-tec.fr\/de\/datenschutzerklaerung\/\" \/>\n<meta property=\"og:locale\" content=\"de_DE\" \/>\n<meta property=\"og:type\" content=\"article\" \/>\n<meta property=\"og:title\" content=\"Datenschutzerkl\u00e4rung - Moditec\" \/>\n<meta property=\"og:description\" content=\"Wer sind wir? Die Adresse unserer Website lautet: https:\/\/mo-di-tec.fr\/ Nutzung der erhobenen personenbezogenen Daten Kommentare [&hellip;]\" \/>\n<meta property=\"og:url\" content=\"https:\/\/mo-di-tec.fr\/de\/datenschutzerklaerung\/\" \/>\n<meta property=\"og:site_name\" content=\"Moditec\" \/>\n<meta property=\"article:modified_time\" content=\"2024-01-23T15:42:49+00:00\" \/>\n<meta name=\"twitter:card\" content=\"summary_large_image\" \/>\n<meta name=\"twitter:label1\" content=\"Gesch\u00e4tzte Lesezeit\" \/>\n\t<meta name=\"twitter:data1\" content=\"3\u00a0Minuten\" \/>\n<script type=\"application\/ld+json\" class=\"yoast-schema-graph\">{\"@context\":\"https:\\\/\\\/schema.org\",\"@graph\":[{\"@type\":\"WebPage\",\"@id\":\"https:\\\/\\\/mo-di-tec.fr\\\/de\\\/datenschutzerklaerung\\\/\",\"url\":\"https:\\\/\\\/mo-di-tec.fr\\\/de\\\/datenschutzerklaerung\\\/\",\"name\":\"Datenschutzerkl\u00e4rung - Moditec\",\"isPartOf\":{\"@id\":\"https:\\\/\\\/mo-di-tec.fr\\\/de\\\/#website\"},\"datePublished\":\"2019-03-26T14:58:29+00:00\",\"dateModified\":\"2024-01-23T15:42:49+00:00\",\"breadcrumb\":{\"@id\":\"https:\\\/\\\/mo-di-tec.fr\\\/de\\\/datenschutzerklaerung\\\/#breadcrumb\"},\"inLanguage\":\"de\",\"potentialAction\":[{\"@type\":\"ReadAction\",\"target\":[\"https:\\\/\\\/mo-di-tec.fr\\\/de\\\/datenschutzerklaerung\\\/\"]}]},{\"@type\":\"BreadcrumbList\",\"@id\":\"https:\\\/\\\/mo-di-tec.fr\\\/de\\\/datenschutzerklaerung\\\/#breadcrumb\",\"itemListElement\":[{\"@type\":\"ListItem\",\"position\":1,\"name\":\"Home\",\"item\":\"https:\\\/\\\/mo-di-tec.fr\\\/de\\\/\"},{\"@type\":\"ListItem\",\"position\":2,\"name\":\"Datenschutzerkl\u00e4rung\"}]},{\"@type\":\"WebSite\",\"@id\":\"https:\\\/\\\/mo-di-tec.fr\\\/de\\\/#website\",\"url\":\"https:\\\/\\\/mo-di-tec.fr\\\/de\\\/\",\"name\":\"Moditec\",\"description\":\"Der Spezialanbieter f\u00fcr langsam laufende Schneidm\u00fchlen \",\"potentialAction\":[{\"@type\":\"SearchAction\",\"target\":{\"@type\":\"EntryPoint\",\"urlTemplate\":\"https:\\\/\\\/mo-di-tec.fr\\\/de\\\/?s={search_term_string}\"},\"query-input\":{\"@type\":\"PropertyValueSpecification\",\"valueRequired\":true,\"valueName\":\"search_term_string\"}}],\"inLanguage\":\"de\"}]}<\/script>\n<!-- \/ Yoast SEO plugin. -->","yoast_head_json":{"title":"Datenschutzerkl\u00e4rung - Moditec","robots":{"index":"index","follow":"follow","max-snippet":"max-snippet:-1","max-image-preview":"max-image-preview:large","max-video-preview":"max-video-preview:-1"},"canonical":"https:\/\/mo-di-tec.fr\/de\/datenschutzerklaerung\/","og_locale":"de_DE","og_type":"article","og_title":"Datenschutzerkl\u00e4rung - Moditec","og_description":"Wer sind wir? Die Adresse unserer Website lautet: https:\/\/mo-di-tec.fr\/ Nutzung der erhobenen personenbezogenen Daten Kommentare [&hellip;]","og_url":"https:\/\/mo-di-tec.fr\/de\/datenschutzerklaerung\/","og_site_name":"Moditec","article_modified_time":"2024-01-23T15:42:49+00:00","twitter_card":"summary_large_image","twitter_misc":{"Gesch\u00e4tzte Lesezeit":"3\u00a0Minuten"},"schema":{"@context":"https:\/\/schema.org","@graph":[{"@type":"WebPage","@id":"https:\/\/mo-di-tec.fr\/de\/datenschutzerklaerung\/","url":"https:\/\/mo-di-tec.fr\/de\/datenschutzerklaerung\/","name":"Datenschutzerkl\u00e4rung - Moditec","isPartOf":{"@id":"https:\/\/mo-di-tec.fr\/de\/#website"},"datePublished":"2019-03-26T14:58:29+00:00","dateModified":"2024-01-23T15:42:49+00:00","breadcrumb":{"@id":"https:\/\/mo-di-tec.fr\/de\/datenschutzerklaerung\/#breadcrumb"},"inLanguage":"de","potentialAction":[{"@type":"ReadAction","target":["https:\/\/mo-di-tec.fr\/de\/datenschutzerklaerung\/"]}]},{"@type":"BreadcrumbList","@id":"https:\/\/mo-di-tec.fr\/de\/datenschutzerklaerung\/#breadcrumb","itemListElement":[{"@type":"ListItem","position":1,"name":"Home","item":"https:\/\/mo-di-tec.fr\/de\/"},{"@type":"ListItem","position":2,"name":"Datenschutzerkl\u00e4rung"}]},{"@type":"WebSite","@id":"https:\/\/mo-di-tec.fr\/de\/#website","url":"https:\/\/mo-di-tec.fr\/de\/","name":"Moditec","description":"Der Spezialanbieter f\u00fcr langsam laufende Schneidm\u00fchlen ","potentialAction":[{"@type":"SearchAction","target":{"@type":"EntryPoint","urlTemplate":"https:\/\/mo-di-tec.fr\/de\/?s={search_term_string}"},"query-input":{"@type":"PropertyValueSpecification","valueRequired":true,"valueName":"search_term_string"}}],"inLanguage":"de"}]}},"_links":{"self":[{"href":"https:\/\/mo-di-tec.fr\/de\/wp-json\/wp\/v2\/pages\/3114","targetHints":{"allow":["GET"]}}],"collection":[{"href":"https:\/\/mo-di-tec.fr\/de\/wp-json\/wp\/v2\/pages"}],"about":[{"href":"https:\/\/mo-di-tec.fr\/de\/wp-json\/wp\/v2\/types\/page"}],"author":[{"embeddable":true,"href":"https:\/\/mo-di-tec.fr\/de\/wp-json\/wp\/v2\/users\/2"}],"replies":[{"embeddable":true,"href":"https:\/\/mo-di-tec.fr\/de\/wp-json\/wp\/v2\/comments?post=3114"}],"version-history":[{"count":2,"href":"https:\/\/mo-di-tec.fr\/de\/wp-json\/wp\/v2\/pages\/3114\/revisions"}],"predecessor-version":[{"id":3214,"href":"https:\/\/mo-di-tec.fr\/de\/wp-json\/wp\/v2\/pages\/3114\/revisions\/3214"}],"wp:attachment":[{"href":"https:\/\/mo-di-tec.fr\/de\/wp-json\/wp\/v2\/media?parent=3114"}],"curies":[{"name":"wp","href":"https:\/\/api.w.org\/{rel}","templated":true}]}}

Datenschutzerklärung

<h2 class="wp-block-heading">Wer sind wir?
        </h2>

<p>Die Adresse unserer Website lautet: <a href="https://mo-di-tec.fr/">https://mo-di-tec.fr/</a></p>

<h2 class="wp-block-heading">Nutzung der erhobenen personenbezogenen Daten
        </h2>

<h3 class="wp-block-heading">Kommentare
        </h3>

<p>Wenn Sie einen Kommentar auf unserer Website hinterlassen, werden die im Kommentarformular gemachten Angaben, Ihre IP-Adresse und der Benutzeragent Ihres Browsers erhoben, um uns die Feststellung unerwünschter Kommentare zu ermöglichen.
        </p>

<p>Eine ausgehend von Ihrer E-Mail-Adresse erstellte anonymisierte Kette (auch Hash genannt) kann an den Gravatar-Dienst gesendet werden, um zu überprüfen, ob Sie diesen benutzen.
         Die Datenschutzpolitik des Gravatar-Dienstes kann unter https://automattic.com/privacy/ eingesehen werden. Nach Überprüfung Ihres Kommentars ist Ihr Profilbild neben Ihrem Kommentar öffentlich zu sehen.
        </p>

<h3 class="wp-block-heading">Medien
        </h3>

<p>Wenn Sie ein(e) angemeldete(r) Nutzer(in) sind und Bilder auf die Website hochladen, raten wir Ihnen, keine Bilder mit EXIF-Daten und GPS-Koordinaten hochzuladen.
         Besucher der Website können die Standortdaten ausgehend von diesen Bildern herunterladen und extrahieren.
        </p>

<h3 class="wp-block-heading">Kontaktformular
        </h3>

<p>Wir wahren eingehende Kontaktformulare mit Fragen im Rahmen des Kundendienstes für eine variable Dauer auf, nutzen diese jedoch nicht für kommerzielle Zwecke.
         </p>

<h3 class="wp-block-heading">Cookies
        </h3>

<p>Wenn Sie einen Kommentar auf unserer Website hinterlassen, wird Ihnen vorgeschlagen, Ihren Namen, Ihre E-Mail-Adresse und Ihre Website in Form von Cookies zu speichern.
         Dies dient ausschließlich Ihrem Komfort, damit Sie diese Informationen nicht erneut eingeben müssen, wenn Sie später einen weiteren Kommentar hinterlassen.
         Diese Cookies laufen nach einem Jahr aus.
        </p>

<p>Wenn Sie über ein Benutzerkonto verfügen und sich auf dieser Website anmelden, wird ein temporärer Cookie angelegt, um zu überprüfen, ob Ihr Browser Cookies akzeptiert.
         Er enthält keine personenbezogenen Daten und wird automatisch beim Schließen Ihres Browsers gelöscht.
        </p>

<p>Wenn Sie sich anmelden, platzieren wir eine gewisse Anzahl an Cookies, um Ihre Anmeldedaten und Anzeigepräferenzen zu speichern.
         Die Lebensdauer eines Sitzungs-Cookies liegt bei zwei Tagen, die eines Anzeige-Cookies bei einem Jahr.
         Wenn Sie die „Remember me“-Option anwählen, wird Ihr Sitzungs-Cookie zwei Wochen lang gespeichert.
         Wenn Sie sich von Ihrem Benutzerkonto abmelden, wird der Sitzungs-Cookie gelöscht.
        </p>

<p>Im Falle einer Veröffentlichung oder Änderung wird ein zusätzlicher Cookie in Ihrem Browser gespeichert.
         Dieser Cookie enthält keine personenbezogenen Daten.
         Er verweist lediglich auf die ID der Veröffentlichung, die Sie geändert haben.
         Er läuft nach einem Tag aus.
        </p>

<h3 class="wp-block-heading">Integrierter Inhalt anderer Websites
        </h3>

<p>Die Artikel dieser Website können integrierte Inhalte enthalten (z.B. Videos, Bilder, Artikel usw.).
         Der integrierte Inhalt anderer Websites verhält sich so, als ob der Besucher die andere Website konsultieren würde.
        </p>

<p>Diese Websites können Daten über Sie erheben, Cookies benutzen, Monitoringtools Dritter enthalten und Ihre Interaktion mit integrierten Inhalten verfolgen, wenn Sie ein Benutzerkonto besitzen, das mit der jeweiligen Website verbunden ist.
        </p>

<h3 class="wp-block-heading">Statistiken und Reichweitenmessungen
        </h3>

<p>Auf dieser Website ist Google Analytics installiert.
         Es speichert automatisch Informationen über Ihren Computer und Ihren Browser, darunter Ihre IP-Adresse, Ihre Software und Hardware sowie die aufgerufene Seite, um Ihre Erfahrung auf der Website zu verbessern.
         </p>

<h2 class="wp-block-heading">Nutzung und Weitergabe Ihrer personenbezogenen Daten
        </h2>

<h3 class="wp-block-heading">Dauer der Speicherung Ihrer Daten
        </h3>

<p>Wenn Sie einen Kommentar hinterlassen, werden der Kommentar und die Metadaten auf unbegrenzte Dauer gespeichert.
         Dies ermöglicht die Erkennung und automatische Freigabe der folgenden Kommentare ohne Durchlaufen des Moderationsverfahrens.
        </p>

<p>Für Nutzer und Nutzerinnen, die sich auf unserer Website anmelden (falls möglich), speichern wir ebenfalls die in ihrem Profil angegebenen personenbezogenen Daten.
         Alle Nutzer und Nutzerinnen können jederzeit ihre personenbezogenen Daten sehen, ändern oder löschen (mit Ausnahme des Benutzernamens).
         Die Website-Administratoren können diese Informationen ebenfalls einsehen und ändern.
        </p>

<h3 class="wp-block-heading">Ihre Rechte an Ihren Daten
        </h3>

<p>Wenn Sie ein Benutzerkonto besitzen oder Kommentare auf der Website hinterlassen haben, können Sie eine Datei verlangen, die alle personenbezogenen Daten enthält, die wir Sie betreffend besitzen, einschließlich der von Ihnen uns bereitgestellten.
         Sie können ebenfalls die Löschung der Sie betreffenden personenbezogenen Daten verlangen.
         Dies gilt nicht für Daten, die wir aus verwaltungstechnischen, rechtlichen oder Gründen der Sicherheit speichern.
        </p>

<h3 class="wp-block-heading">Weitergabe Ihrer personenbezogenen Daten
        </h3>

<p>Die Kommentare von Besuchern können mithilfe eines automatisierten Dienstes zur Feststellung unerwünschter Kommentare überprüft werden.
        </p>

<h3 class="wp-block-heading">Kontaktdaten
        </h3>

<p><strong>MO-DI-TEC
        </strong><br/> Z.I. du Leveau 38200 Vienne &#8211; Frankreich
        <br/>Tel.:
         <a href="tel:0474159999">(+33) 4 74 15 99</a><br/>Mail: <a href="mailto:info@mo-di-tec.33degres.fr">Senden Sie uns eine Mail</a></p>

<!-- This site is optimized with the Yoast SEO plugin v27.5 - https://yoast.com/product/yoast-seo-wordpress/ -->
<title>Datenschutzerklärung - Moditec</title>
<meta name="robots" content="index, follow, max-snippet:-1, max-image-preview:large, max-video-preview:-1" />
<link rel="canonical" href="https://mo-di-tec.fr/de/datenschutzerklaerung/" />
<meta property="og:locale" content="de_DE" />
<meta property="og:type" content="article" />
<meta property="og:title" content="Datenschutzerklärung - Moditec" />
<meta property="og:description" content="Wer sind wir? Die Adresse unserer Website lautet: https://mo-di-tec.fr/ Nutzung der erhobenen personenbezogenen Daten Kommentare [&hellip;]" />
<meta property="og:url" content="https://mo-di-tec.fr/de/datenschutzerklaerung/" />
<meta property="og:site_name" content="Moditec" />
<meta property="article:modified_time" content="2024-01-23T15:42:49+00:00" />
<meta name="twitter:card" content="summary_large_image" />
<meta name="twitter:label1" content="Geschätzte Lesezeit" />
	<meta name="twitter:data1" content="3 Minuten" />
<script type="application/ld+json" class="yoast-schema-graph">{"@context":"https:\/\/schema.org","@graph":[{"@type":"WebPage","@id":"https:\/\/mo-di-tec.fr\/de\/datenschutzerklaerung\/","url":"https:\/\/mo-di-tec.fr\/de\/datenschutzerklaerung\/","name":"Datenschutzerklärung - Moditec","isPartOf":{"@id":"https:\/\/mo-di-tec.fr\/de\/#website"},"datePublished":"2019-03-26T14:58:29+00:00","dateModified":"2024-01-23T15:42:49+00:00","breadcrumb":{"@id":"https:\/\/mo-di-tec.fr\/de\/datenschutzerklaerung\/#breadcrumb"},"inLanguage":"de","potentialAction":[{"@type":"ReadAction","target":["https:\/\/mo-di-tec.fr\/de\/datenschutzerklaerung\/"]}]},{"@type":"BreadcrumbList","@id":"https:\/\/mo-di-tec.fr\/de\/datenschutzerklaerung\/#breadcrumb","itemListElement":[{"@type":"ListItem","position":1,"name":"Home","item":"https:\/\/mo-di-tec.fr\/de\/"},{"@type":"ListItem","position":2,"name":"Datenschutzerklärung"}]},{"@type":"WebSite","@id":"https:\/\/mo-di-tec.fr\/de\/#website","url":"https:\/\/mo-di-tec.fr\/de\/","name":"Moditec","description":"Der Spezialanbieter für langsam laufende Schneidmühlen ","potentialAction":[{"@type":"SearchAction","target":{"@type":"EntryPoint","urlTemplate":"https:\/\/mo-di-tec.fr\/de\/?s={search_term_string}"},"query-input":{"@type":"PropertyValueSpecification","valueRequired":true,"valueName":"search_term_string"}}],"inLanguage":"de"}]}</script>
<!-- / Yoast SEO plugin. -->

Datenschutzerklärung - Moditec

Der Spezialanbieter für langsam laufende Schneidmühlen
